t is the remainder when s(0) is divided by j(21)?
14
Let u = 65 - 66. Calculate the remainder when 31 is divided by ((-2 - 2) + 0 + -1)*u.
1
Let h be (36 - 2)*2 - 1. Suppose -l + 2*l - h = 0. What is the remainder when l is divided by -3*(190/60)/(1/(-2))?
10
Let h(n) = 15*n - 7. Suppose -6 + 7 = -k + 2*b, 5*k - 4*b - 1 = 0. Calculate the remainder when 47 is divided by h(k).
7
Let y be 4 - (3 + 1) - -4. Suppose -z - 1 = -2*w + 2, 6 = y*z - 2*w. Suppose 114 = -z*v + 6*v. Calculate the remainder when v is divided by 13.
12
Let y be 581 + (6/1)/(8/(-4)). Let h = 1307 - y. What is the remainder when h is divided by 73?
72
Let h(i) = -i**2 + 9*i + 3. Let q be -39*(3 - 117/27). Suppose 10*a - 8 - q = 0. What is the remainder when h(7) is divided by a?
5
Let w be -2*3/(12/(-8)). Suppose 63 = w*c + 2*j - 5*j, 4*c - 28 = -4*j. Calculate the remainder when 191 is divided by c.
11
Suppose 225*f = 224*f + 192. Let t = -189 + f. Calculate the remainder when 20 is divided by t.
2
Let c(m) = 7*m**3 + 5*m**2 + 3*m - 15. Calculate the remainder when 829 is divided by c(3).
145
Let w = 19265 - 18852. What is the remainder when w is divided by 136?
5
Let c = -275 + 425. Suppose -2*m + 15 = -54*u + 55*u, -83 = -5*m + 4*u. Calculate the remainder when c is divided by m.
7
Suppose 3*f + 3*c - 18 = 0, -8 = -4*f - 2*c + 10. Suppose -108 + 86 = -2*o. Calculate the remainder when o is divided by f.
2
Let c = -29655 + 30079. What is the remainder when c is divided by 97?
36
Let o = -4523 - -5231. What is the remainder when o is divided by 51?
45
Let t = 11268 + -7287. What is the remainder when t is divided by 11?
10
Let o(x) = -4*x**2 + 9*x + 33. Let b(j) = -11*j**2 + 28*j + 99. Let p(c) = 3*b(c) - 8*o(c). What is the remainder when 10 is divided by p(14)?
0
Calculate the remainder when 28597296/1470 - -1*(-10)/(-175) is divided by 15.
14
Let s(o) = -4*o**2 - 18*o - 86. Let k be s(-8). Calculate the remainder when 24 is divided by (k/(-72))/(2/8).
2
What is the remainder when (-5915)/(-27) - 292/3942 is divided by 20?
19
Let w be 3/(3/(-2))*(-30)/12. Suppose -m - 198 = -5*n, w*n + 66 = 7*n + 4*m. Calculate the remainder when 232 is divided by n.
37
Suppose -7*q + 6 = -22. Suppose -31 = 5*b + q*k, -4*k - 10 = b - 3*b. What is the remainder when 52 is divided by (-8)/b*(-45)/(-10)?
4
Let m = -252 + 174. What is the remainder when 70 is divided by ((-5)/10)/(((-21)/m)/(-7))?
5
Suppose 4*i - q = 626, -i + 0*q + 146 = 5*q. Let m = i + -11. What is the remainder when m is divided by 30?
25
Suppose -g - 2*g - 3*t + 3690 = 0, 3*g = 5*t + 3666. What is the remainder when g is divided by 103?
94
Let m(k) = 2*k**3 - 42*k**2 + 32*k - 46. What is the remainder when m(21) is divided by 42?
38
Suppose -11*u + 6*u - 62 = -6*z, 2*z + 3*u = 2. What is the remainder when (0/5)/2 + 5*2 is divided by z?
3
Suppose 3*z - 7*b + 3*b - 28 = 0, 0 = 3*b + 12. Suppose h + 2*p + 12 = 0, -5*h - 40 = z*p + p. Calculate the remainder when 1/3*579 - h is divided by 50.
47
Suppose 0 = -x - 5*q + 234, 4*q + 154 = 5*x - 1074. Calculate the remainder when x is divided by 228.
16
Suppose -1160 = -7*b + 2*b. Suppose 0 = -4*t + 40, -t + 133 - 76 = o. What is the remainder when b is divided by o?
44
Let g = 2340 - 2177. Calculate the remainder when g is divided by 17.
10
Suppose -62*k + 73*k = -51678. Calculate the remainder when (11/3)/(6*(-9)/k) is divided by 23.
20
Suppose -30*s - 204 = -4*p - 35*s, 2*p + 4*s - 96 = 0. Calculate the remainder when 723 is divided by p.
51
Let c(y) = -13*y + 215. What is the remainder when c(-10) is divided by 122?
101
Let z(w) = -1086*w + 1014. What is the remainder when z(0) is divided by 42?
6
Let u = 303 + -278. Calculate the remainder when 2073 is divided by u.
23
Let n(a) = a**2 + 9*a + 12. What is the remainder when 105*4/(17 - -3) + 0 is divided by n(-8)?
1
Let j = 4388 - 4274. Calculate the remainder when j is divided by 39.
36
Let u = -104 + 190. Let i = u - 76. What is the remainder when 51 is divided by i?
1
Suppose -5*d + 639 = 44. Let z = -83863 - -83904. Calculate the remainder when d is divided by z.
37
Suppose -3*q - 46 = -2*t, q = 3*t - 114 + 24. Calculate the remainder when t is divided by (6/(-8))/((-3)/60).
2
Suppose 14 = -2*v, 3*c + 4*v + 32 = 67. Let f(o) = 5*o**2 - 3*o + 3. What is the remainder when f(4) is divided by c?
8
What is the remainder when (-3)/((-759)/(-22)) + (2 - 11136/(-46)) is divided by 58?
12
Calculate the remainder when 844 is divided by (7 - 104/20)*(-3825)/(-27).
79
Suppose -89*v + 83*v = 474. Let y = -13 - v. Calculate the remainder when y is divided by 23.
20
Let h(m) be the third derivative of 5*m**4/8 - 71*m**3/3 + 3*m**2 + 4. What is the remainder when 30 is divided by h(10)?
6
Let h(b) = b**3 - 7*b**2 + 5*b - 10. Suppose -2144*n + 1075*n + 1086*n = 221. Calculate the remainder when h(7) is divided by n.
12
Let u(d) = 8 + 8 + 10 + 5*d + d**2 - 23. Suppose 0 = 3*m - f - 12, 0*f - f = 3*m - 12. What is the remainder when 151 is divided by u(m)?
34
Suppose 1051*h - 1039*h = 34980. What is the remainder when h is divided by 54?
53
Suppose 3*i - 27*i = i - 225. What is the remainder when 2120 is divided by i?
5
Let g(m) = 146*m - 1054. Calculate the remainder when g(11) is divided by 175.
27
Let d be 4 + 0 - (-1)/(-1)*-1. Suppose -2*c + 119 = d*s, 5*c = -4*s + s + 288. What is the remainder when c is divided by 15?
12
Let k = 8230 + -8080. What is the remainder when 181 is divided by k?
31
Suppose -10*k + 4*b = -5*k - 103, -5*k = b - 93. Let a be 9/(-9) + 1*-1. What is the remainder when k is divided by 12/8 - 5/a?
3
Suppose 14*v - 17*v + 4*u = -6382, 8507 = 4*v - 5*u. What is the remainder when v is divided by 8?
6
Suppose 0 = -120*m - 132*m + 444780. Calculate the remainder when m is divided by 30.
25
Let m(n) = -2*n - 6. Let w = 13 - 19. Let g = -184 - -217. What is the remainder when g is divided by m(w)?
3
Suppose 0 = 8*p - 5*p - 246. Let a = p - 46. Suppose 24 = 15*i - a. What is the remainder when 39 is divided by i?
3
Let y(k) = -3*k**3 + 77*k**2 + 48*k - 493. Calculate the remainder when y(26) is divided by 20.
19
Let s(t) = -3*t**3 + 27*t**2 + 14*t - 64. Calculate the remainder when 478 is divided by s(9).
44
Let m be 976/20 + (-1)/(-10)*2. Let a = -46 + m. Suppose z - 28 = q, -4*q - q - 80 = -a*z. What is the remainder when z is divided by 8?
6
Let a(q) = -q**2 + 4*q - 6. Let t be a(-3). Let s = -11 - t. What is the remainder when 158 is divided by s?
14
Let b = -2020 + 2035. What is the remainder when 4435 is divided by b?
10
Let z be (-19 + 46)/(6/(-4)). Let v be ((-2)/4)/(-1)*z. Calculate the remainder when 6/v*(-255)/10 is divided by 2.
1
Let x(p) = p**2 + 27*p - 55. Let r be (-8)/(-12) + (-6)/9. Suppose 6*u - u - 35 = r. Calculate the remainder when u is divided by x(-29).
1
Suppose -11*v + 48 = 13*v. Calculate the remainder when 2 is divided by (v/(-6))/(7/105*-5).
0
Suppose -5*p = -5*m - 30, 7*m - 10 = 2*m - 5*p. Let y(b) = b**3 + b**2 - 5*b + 3. What is the remainder when 53 is divided by y(m)?
8
Let w be (-2)/8 + (-414)/(-24) + -1. Suppose 2*y - 18 = w. What is the remainder when (3 - (-16)/3)*6 is divided by y?
16
Suppose -4*l = 3*j - 220, 3*l - 24 = 5*j + 112. Suppose -4*c - n = -107, -2*c - n = n - l. Calculate the remainder when c is divided by 17.
10
What is the remainder when 926 is divided by (60/(-39))/((-48)/936)?
26
Let p = 504 - 488. Let c(k) = -k + 11. Calculate the remainder when p is divided by c(4).
2
Let k(v) = 89*v**3 - 2*v**2 + 3*v - 1. Suppose -2*u - 2*y = -4, -3*u + 6*y = 3*y. Calculate the remainder when k(u) is divided by 11.
1
Let x = 430 - 385. Suppose -56*p + 1661 = -x*p. Calculate the remainder when p is divided by 78.
73
Calculate the remainder when 3984 is divided by 249/((-3)/3)*(14 - 13)*-4.
0
Suppose 9760 = 46*o + 78*o + 120*o. Let h(i) = -26*i**2 + 1. Let v be h(-1). Calculate the remainder when o is divided by v/(-2) + (-2)/4.
4
Suppose 0 = 6*b + 6*b + 312. Let z = b + 30. Suppose 5*o - 40 = -3*u + z*o, 3*o - 22 = -2*u. Calculate the remainder when 66 is divided by u.
10
Suppose 294*z + 408078 = 312*z. Calculate the remainder when z is divided by 208.
207
Let j = -116 + 146. Let v = j - 23. Calculate the remainder when 13 is divided by v.
6
Let g(n) = 15*n + 1220. Calculate